27?
False
Does 41 divide 4551?
True
Is 583 a multiple of 11?
True
Is 29 a factor of 19539?
False
Is 48 a factor of 1384?
False
Does 15 divide 4240?
False
Is 38699 a multiple of 7?
False
Does 18 divide 712?
False
Is 91264 a multiple of 23?
True
Is 13623 a multiple of 14?
False
Is 3942 a multiple of 148?
False
Is 2336 a multiple of 4?
True
Is 6 a factor of 282?
True
Does 4 divide 173?
False
Does 5 divide 140?
True
Is 7 a factor of 11578?
True
Is 2213 a multiple of 65?
False
Is 5400 a multiple of 18?
True
Is 41 a factor of 4141?
True
Is 2821 a multiple of 30?
False
Is 2791 a multiple of 15?
False
Does 45 divide 1080?
True
Is 2 a factor of 8627?
False
Does 30 divide 659?
False
Is 43 a factor of 760?
False
Is 59 a factor of 7999?
False
Is 7978 a multiple of 31?
False
Is 4753 a multiple of 10?
False
Does 59 divide 12567?
True
Is 53 a multiple of 4?
False
Does 14 divide 4550?
True
Does 28 divide 9156?
True
Does 5 divide 45?
True
Does 64 divide 3678?
False
Is 12339 a multiple of 27?
True
Is 80 a multiple of 18?
False
Is 25887 a multiple of 5?
False
Is 68 a factor of 14824?
True
Is 1443 a multiple of 75?
False
Is 13 a factor of 16493?
False
Is 1885 a multiple of 65?
True
Is 12 a factor of 3456?
True
Is 10 a factor of 10520?
True
Is 6780 a multiple of 231?
False
Is 21103 a multiple of 47?
True
Is 6594 a multiple of 14?
True
Is 11349 a multiple of 9?
True
Does 10 divide 343?
False
Is 106 a multiple of 4?
False
Is 27408 a multiple of 105?
False
Is 1184 a multiple of 37?
True
Is 661 a multiple of 10?
False
Is 33537 a multiple of 114?
False
Does 22 divide 40568?
True
Is 30976 a multiple of 129?
False
Does 31 divide 1581?
True
Is 7047 a multiple of 29?
True
Is 11 a factor of 803?
True
Is 31 a factor of 18661?
False
Is 340 a multiple of 16?
False
Is 35739 a multiple of 11?
True
Is 14 a factor of 1970?
False
Is 46 a factor of 876?
False
Does 12 divide 105492?
True
Does 44 divide 7785?
False
Is 17 a factor of 4981?
True
Does 16 divide 64?
True
Does 12 divide 4332?
True
Is 18 a factor of 3474?
True
Does 91 divide 8809?
False
Is 45 a factor of 540?
True
Is 1059 a multiple of 38?
False
Is 620 a multiple of 9?
False
Does 12 divide 2220?
True
Is 16 a factor of 16459?
False
Is 6307 a multiple of 17?
True
Is 34800 a multiple of 25?
True
Is 6 a factor of 138?
True
Is 14417 a multiple of 13?
True
Does 31 divide 45809?
False
Is 15188 a multiple of 225?
False
Does 5 divide 10421?
False
Is 14 a factor of 28672?
True
Does 36 divide 2328?
False
Is 518 a multiple of 3?
False
Is 22 a factor of 261?
False
Does 12 divide 216?
True
Is 7419 a multiple of 126?
False
Is 2353 a multiple of 23?
False
Is 15227 a multiple of 299?
False
Is 90 a factor of 14884?
False
Is 22 a factor of 4432?
False
Is 756 a multiple of 21?
True
Does 13 divide 5356?
True
Is 8 a factor of 149?
False
Does 14 divide 616?
True
Does 22 divide 9277?
False
Is 5472 a multiple of 32?
True
Is 3 a factor of 5707?
False
Does 37 divide 3737?
True
Is 1102 a multiple of 38?
True
Is 57 a factor of 5872?
False
Is 39 a factor of 2711?
False
Is 356 a multiple of 19?
False
Is 23103 a multiple of 151?
True
Is 3195 a multiple of 15?
True
Does 203 divide 10193?
False
Is 23 a factor of 184?
True
Is 24 a factor of 4920?
True
Does 6 divide 30?
True
Is 32004 a multiple of 42?
True
Is 3 a factor of 198?
True
Does 16 divide 107664?
True
Is 15834 a multiple of 34?
False
Does 29 divide 2645?
False
Is 29 a factor of 42253?
True
Does 46 divide 922?
False
Is 3360 a multiple of 10?
True
Does 4 divide 157?
False
Is 33 a factor of 76923?
True
Is 52 a factor of 468?
True
Is 6 a factor of 427?
False
Does 27 divide 221?
False
Is 137924 a multiple of 116?
True
Is 108 a factor of 1153?
False
Is 7 a factor of 1137?
False
Is 682 a multiple of 3?
False
Is 15775 a multiple of 14?
False
Is 28 a factor of 1128?
False
Is 28 a factor of 991?
False
Does 11 divide 242?
True
Is 1574 a multiple of 3?
False
Does 89 divide 80011?
True
Is 28197 a multiple of 5?
False
Is 2449 a multiple of 46?
False
Is 14 a factor of 2289?
False
Is 6 a factor of 2478?
True
Does 17 divide 5919?
False
Does 28 divide 41566?
False
Is 106 a factor of 8056?
True
Is 139 a factor of 42324?
False
Is 7 a factor of 555?
False
Is 693 a multiple of 9?
True
Does 27 divide 594?
True
Does 26 divide 3198?
True
Is 334 a multiple of 36?
False
Is 62 even?
True
Is 489 a multiple of 48?
False
Does 208 divide 27012?
False
Does 24 divide 5328?
True
Does 36 divide 399?
False
Is 405 a multiple of 10?
False
Is 3 a factor of 1122?
True
Is 24 a factor of 110094?
False
Is 33 a multiple of 4?
False
Is 33 a factor of 1749?
True
Does 37 divide 74?
True
Does 154 divide 45006?
False
Does 55 divide 482?
False
Is 138 a multiple of 17?
False
Is 13799 a multiple of 9?
False
Is 847 a multiple of 144?
False
Is 651 a multiple of 51?
False
Does 41 divide 64?
False
Is 5 a factor of 3377?
False
Is 57 a factor of 2451?
True
Does 11 divide 1133?
True
Does 30 divide 26130?
True
Is 44 a factor of 3601?
False
Is 2358 a multiple of 18?
True
Does 5 divide 8110?
True
Is 9 a factor of 17626?
False
Does 46 divide 1564?
True
Does 93 divide 6231?
True
Does 56 divide 282?
False
Does 153 divide 1411?
False
Is 10 a factor of 1189?
False
Is 27 a multiple of 21?
False
Does 88 divide 26312?
True
Is 105 a factor of 7437?
False
Is 18 a factor of 162?
True
Does 14 divide 10318?
True
Is 1098 a multiple of 14?
False
Is 187 a multiple of 15?
False
Does 142 divide 13525?
False
Does 52 divide 156?
True
Does 10 divide 268?
False
Does 165 divide 1176?
False
Does 75 divide 6825?
True
Is 2540 a multiple of 5?
True
Does 17 divide 285?
False
Is 25 a factor of 35?
False
Is 31 a factor of 102204?
False
Does 121 divide 33778?
False
Does 68 divide 2516?
True
Does 47 divide 1410?
True
Is 930 a multiple of 12?
False
Is 1094 a multiple of 235?
False
Is 15 a multiple of 15?
True
Does 43 divide 436?
False
Is 13 a factor of 16909?
False
Is 700 a multiple of 28?
True
Does 135 divide 5265?
True
Is 52 a multiple of 13?
True
Does 9 divide 82?
False
Does 10 divide 690?
True
Does 16 divide 2048?
True
Does 6 divide 264?
True
Is 12 a factor of 187?
False
Is 1620 a multiple of 57?
False
Is 63 a factor of 9828?
True
Is 1240 a multiple of 40?
True
Is 71 a factor of 7384?
True
Is 111 a factor of 24848?
False
Does 293 divide 9048?
False
Is 12 a factor of 490?
False
Is 915 a multiple of 61?
True
Is 11 a factor of 1977?
False
Does 164 divide 6989?
False
Is 1320 a multiple of 15?
True
Does 63 divide 790?
False
Is 72 a factor of 5184?
True
Is 5196 a multiple of 14?
False
Is 33755 a multiple of 157?
True
Is 15211 a multiple of 52?
False
Does 17 divide 22424?
False
Is 143 even?
False
Does 20 divide 51?
False
Is 11 a factor of 55?
True
Does 8 divide 14241?
False
Is 918 a multiple of 34?
True
Is 104 a multiple of 13?
True
Is 3 a factor of 1512?
True
Is 23177 a multiple of 7?
True
Does 21 divide 462?
True
Is 138 a multiple of 29?
False
Is 12 a factor of 408?
True
Does 182 divide 4429?
False
Is 16 a factor of 4079?
False
Is 32 a factor of 4627?
False
Is 6 a factor of 287?
False
Does 94 divide 37176?
False
Does 3 divide 4337?
False
Is 23 a factor of 799?
False
Is 20 a factor of 35323?
False
Does 3 divide 2611?
False
Is 880 a multiple of 40?
True
Does 17 divide 918?
True
Does 32 divide 3067?
False
Is 147 a factor of 1276?
False
Is 168 a multiple of 4?
True
Is 17651 a multiple of 7?
False
Is 24 a factor of 1965?
False
Does 7 divide 611?
False
Is 27 a factor of 6541?
False
Does 107 divide 14445?
True
Does 30 divide 3540?
True
Is 35 a factor of 27976?
False
Does 7 divide 5951?
False
Does 32 divide 781?
False
Is 57 a factor of 840?
False
Is 60 a factor of 412?
False
Is 609 a multiple of 21?
True
Is 2260 a multiple of 14?
False
Is 14 a factor of 32256?
True
Is 3 a factor of 13123?
False
Is 3024 a multiple of 63?
True
Is 7353 a multiple of 57?
True
Is 23506 a multiple of 17?
False
Does 11 divide 209?
True
Is 264 a multiple of 33?
True
Is 11496 a multiple of 24?
True
Is 365 a multiple of 44?
False
Is 16303 a multiple of 158?
False
Is 15592 a multiple of 23?
False
Does 20 divide 102408?
False
Is 95 a factor of 5757?
False
Does 16 divide 256?
True
Is 19 a factor of 24062?
False
Is 42 a factor of 5940?
False
Is 62345 a multiple of 101?
False
Is 828 a multiple of 11?
False
Is 40 a factor of 3725?